{"id":16147,"date":"2025-05-15T14:57:25","date_gmt":"2025-05-15T14:57:25","guid":{"rendered":"https:\/\/mastroberardino.com\/shop\/?post_type=product&#038;p=16147"},"modified":"2025-12-04T17:22:37","modified_gmt":"2025-12-04T17:22:37","slug":"mastroberardino-mini-experience-radici-nel-tempo-limited-edition","status":"publish","type":"product","link":"https:\/\/mastroberardino.com\/shop\/vino\/mastroberardino-mini-experience-radici-nel-tempo-limited-edition\/","title":{"rendered":"Mastroberardino Mini Experience \u2013 Radici nel tempo \/ Limited Edition"},"content":{"rendered":"<p>Una\u00a0<strong>verticale esclusiva e in edizione limitata<\/strong>, pensata per appassionati, collezionisti e intenditori che vogliono esplorare la profondit\u00e0, la complessit\u00e0 e la longevit\u00e0 del Taurasi pi\u00f9 iconico della casa Mastroberardino.<\/p>\n<p><strong>Cosa contiene il bundle:<\/strong><\/p>\n<ul>\n<li><strong>Radici Taurasi DOCG 2012<\/strong>\u2013 Eleganza matura, spezie dolci, tabacco e liquirizia: una grande annata vicina al suo apice.<\/li>\n<li><strong>Radici Taurasi DOCG 2014<\/strong>\u2013 Raffinata complessit\u00e0, con trama tannica fine e note balsamiche.<\/li>\n<li><strong>Radici Taurasi DOCG 2017<\/strong>\u2013 Potenza ed energia, in una fase ancora giovane e vibrante, con grande potenziale evolutivo.<\/li>\n<\/ul>\n<p>Perfetto per:<\/p>\n<ul>\n<li>Degustazioni verticali guidate<\/li>\n<li>Regali esclusivi per wine lover<\/li>\n<li>Approfondire il concetto di terroir e invecchiamento<\/li>\n<\/ul>\n<p><strong>LIMITED EDITION<\/strong><\/p>\n<p>Disponibilit\u00e0 limitata per via delle annate storiche ormai prossime all\u2019esaurimento.<\/p>\n<p>Un\u2019occasione unica per assaporare\u00a0<strong>il tempo, la memoria e la maestria<\/strong>\u00a0racchiusi in ogni bottiglia di\u00a0<strong>Radici Taurasi DOCG<\/strong>.<\/p>\n","protected":false},"excerpt":{"rendered":"<p class=\"xmprfxmsonormal\" style=\"margin: 0cm; background: white;\"><b><span style=\"font-family: 'Arial',sans-serif; color: black;\">Radici Taurasi DOCG<\/span><\/b><span style=\"font-family: 'Arial',sans-serif; color: black;\">\u00a0in tre annate storiche, in formato\u00a0<b>0,375 L<\/b>, per vivere l\u2019evoluzione di un grande vino nel tempo.<\/span><\/p>\n","protected":false},"featured_media":16155,"comment_status":"closed","ping_status":"closed","template":"","meta":[],"yoast_head":"<!-- This site is optimized with the Yoast SEO plugin v16.1.1 - https:\/\/yoast.com\/wordpress\/plugins\/seo\/ -->\n<title>Mastroberardino Mini Experience \u2013 Radici nel tempo \/ Limited Edition - Mastroberardino<\/title>\n<link rel=\"canonical\" href=\"https:\/\/mastroberardino.com\/shop\/vino\/mastroberardino-mini-experience-radici-nel-tempo-limited-edition\/\" \/>\n<meta property=\"og:locale\" content=\"it_IT\" \/>\n<meta property=\"og:type\" content=\"article\" \/>\n<meta property=\"og:title\" content=\"Mastroberardino Mini Experience \u2013 Radici nel tempo \/ Limited Edition - Mastroberardino\" \/>\n<meta property=\"og:description\" content=\"Radici Taurasi DOCG\u00a0in tre annate storiche, in formato\u00a00,375 L, per vivere l\u2019evoluzione di un grande vino nel tempo.\" \/>\n<meta property=\"og:url\" content=\"https:\/\/mastroberardino.com\/shop\/vino\/mastroberardino-mini-experience-radici-nel-tempo-limited-edition\/\" \/>\n<meta property=\"og:site_name\" content=\"Mastroberardino\" \/>\n<meta property=\"article:modified_time\" content=\"2025-12-04T17:22:37+00:00\" \/>\n<meta property=\"og:image\" content=\"https:\/\/mastroberardino.com\/shop\/wp-content\/uploads\/2025\/05\/radiciExperience.jpg\" \/>\n\t<meta property=\"og:image:width\" content=\"1000\" \/>\n\t<meta property=\"og:image:height\" content=\"667\" \/>\n<meta name=\"twitter:card\" content=\"summary_large_image\" \/>\n<meta name=\"twitter:label1\" content=\"Tempo di lettura stimato\">\n\t<meta name=\"twitter:data1\" content=\"1 minuto\">\n<script type=\"application\/ld+json\" class=\"yoast-schema-graph\">{\"@context\":\"https:\/\/schema.org\",\"@graph\":[{\"@type\":\"Organization\",\"@id\":\"https:\/\/mastroberardino.com\/shop\/#organization\",\"name\":\"Mastroberardino\",\"url\":\"https:\/\/mastroberardino.com\/shop\/\",\"sameAs\":[],\"logo\":{\"@type\":\"ImageObject\",\"@id\":\"https:\/\/mastroberardino.com\/shop\/#logo\",\"inLanguage\":\"it-IT\",\"url\":\"https:\/\/mastroberardino.com\/shop\/wp-content\/uploads\/2021\/03\/fondologo.png\",\"contentUrl\":\"https:\/\/mastroberardino.com\/shop\/wp-content\/uploads\/2021\/03\/fondologo.png\",\"width\":1298,\"height\":377,\"caption\":\"Mastroberardino\"},\"image\":{\"@id\":\"https:\/\/mastroberardino.com\/shop\/#logo\"}},{\"@type\":\"WebSite\",\"@id\":\"https:\/\/mastroberardino.com\/shop\/#website\",\"url\":\"https:\/\/mastroberardino.com\/shop\/\",\"name\":\"Mastroberardino\",\"description\":\"Produzione e vendita vini tipici campani\",\"publisher\":{\"@id\":\"https:\/\/mastroberardino.com\/shop\/#organization\"},\"potentialAction\":[{\"@type\":\"SearchAction\",\"target\":\"https:\/\/mastroberardino.com\/shop\/?s={search_term_string}\",\"query-input\":\"required name=search_term_string\"}],\"inLanguage\":\"it-IT\"},{\"@type\":\"ImageObject\",\"@id\":\"https:\/\/mastroberardino.com\/shop\/vino\/mastroberardino-mini-experience-radici-nel-tempo-limited-edition\/#primaryimage\",\"inLanguage\":\"it-IT\",\"url\":\"https:\/\/mastroberardino.com\/shop\/wp-content\/uploads\/2025\/05\/radiciExperience.jpg\",\"contentUrl\":\"https:\/\/mastroberardino.com\/shop\/wp-content\/uploads\/2025\/05\/radiciExperience.jpg\",\"width\":1000,\"height\":667},{\"@type\":\"WebPage\",\"@id\":\"https:\/\/mastroberardino.com\/shop\/vino\/mastroberardino-mini-experience-radici-nel-tempo-limited-edition\/#webpage\",\"url\":\"https:\/\/mastroberardino.com\/shop\/vino\/mastroberardino-mini-experience-radici-nel-tempo-limited-edition\/\",\"name\":\"Mastroberardino Mini Experience \\u2013 Radici nel tempo \/ Limited Edition - Mastroberardino\",\"isPartOf\":{\"@id\":\"https:\/\/mastroberardino.com\/shop\/#website\"},\"primaryImageOfPage\":{\"@id\":\"https:\/\/mastroberardino.com\/shop\/vino\/mastroberardino-mini-experience-radici-nel-tempo-limited-edition\/#primaryimage\"},\"datePublished\":\"2025-05-15T14:57:25+00:00\",\"dateModified\":\"2025-12-04T17:22:37+00:00\",\"breadcrumb\":{\"@id\":\"https:\/\/mastroberardino.com\/shop\/vino\/mastroberardino-mini-experience-radici-nel-tempo-limited-edition\/#breadcrumb\"},\"inLanguage\":\"it-IT\",\"potentialAction\":[{\"@type\":\"ReadAction\",\"target\":[\"https:\/\/mastroberardino.com\/shop\/vino\/mastroberardino-mini-experience-radici-nel-tempo-limited-edition\/\"]}]},{\"@type\":\"BreadcrumbList\",\"@id\":\"https:\/\/mastroberardino.com\/shop\/vino\/mastroberardino-mini-experience-radici-nel-tempo-limited-edition\/#breadcrumb\",\"itemListElement\":[{\"@type\":\"ListItem\",\"position\":1,\"item\":{\"@type\":\"WebPage\",\"@id\":\"https:\/\/mastroberardino.com\/shop\/\",\"url\":\"https:\/\/mastroberardino.com\/shop\/\",\"name\":\"Home\"}},{\"@type\":\"ListItem\",\"position\":2,\"item\":{\"@type\":\"WebPage\",\"@id\":\"https:\/\/mastroberardino.com\/shop\/shop\/\",\"url\":\"https:\/\/mastroberardino.com\/shop\/shop\/\",\"name\":\"Prodotti\"}},{\"@type\":\"ListItem\",\"position\":3,\"item\":{\"@type\":\"WebPage\",\"@id\":\"https:\/\/mastroberardino.com\/shop\/vino\/mastroberardino-mini-experience-radici-nel-tempo-limited-edition\/\",\"url\":\"https:\/\/mastroberardino.com\/shop\/vino\/mastroberardino-mini-experience-radici-nel-tempo-limited-edition\/\",\"name\":\"Mastroberardino Mini Experience \\u2013 Radici nel tempo \/ Limited Edition\"}}]}]}<\/script>\n<!-- \/ Yoast SEO plugin. -->","_links":{"self":[{"href":"https:\/\/mastroberardino.com\/shop\/wp-json\/wp\/v2\/product\/16147"}],"collection":[{"href":"https:\/\/mastroberardino.com\/shop\/wp-json\/wp\/v2\/product"}],"about":[{"href":"https:\/\/mastroberardino.com\/shop\/wp-json\/wp\/v2\/types\/product"}],"replies":[{"embeddable":true,"href":"https:\/\/mastroberardino.com\/shop\/wp-json\/wp\/v2\/comments?post=16147"}],"wp:featuredmedia":[{"embeddable":true,"href":"https:\/\/mastroberardino.com\/shop\/wp-json\/wp\/v2\/media\/16155"}],"wp:attachment":[{"href":"https:\/\/mastroberardino.com\/shop\/wp-json\/wp\/v2\/media?parent=16147"}],"curies":[{"name":"wp","href":"https:\/\/api.w.org\/{rel}","templated":true}]}}